u(m). Calculate f(v).
10
Suppose 5 = v + 3. Let o be (4/(-6))/(v*(-4)/84). Let g(t) = 2*t - 8. Calculate g(o).
6
Let l = -7 - -10. Suppose 3*z = -3*j - 9, -15 = l*j - 6. Let n(w) = 2 - w - 2 + z. Calculate n(-7).
7
Let a(s) = 22*s - 12. Let f(y) = 7*y - 1. Let k(w) = a(w) - 4*f(w). Give k(-9).
46
Let f(v) = v**2 - 8*v + 4. Suppose u = -1 + 4. Suppose d + 8 = u*d. Suppose 2*a - 4*a - 3 = -y, y + d*a - 15 = 0. What is f(y)?
-3
Suppose 4*l + 21 = 3*l. Let z = l + 22. Let a(s) = 7*s**2 + 1. Determine a(z).
8
Suppose 0 = 3*n - 13 + 1. Let a be (0 - 2/n)*-12. Let y(z) be the first derivative of z**3/3 - 7*z**2/2 + 9*z + 1809. What is y(a)?
3
Let q = 1395 + -1393. Let b(a) be the first derivative of -2*a**2 - 2*a + 1. What is b(q)?
-10
Let l(b) = -b**3 + 3*b**2 + 5*b - 5. Suppose g - 12 = -4*v, 4*v = 13*g - 10*g - 4. Determine l(g).
-1
Let q(w) = -17*w - 2. Suppose 0*n - 2*h = n - 4, 4*n + 5*h - 7 = 0. Determine q(n).
32
Let g(i) = i**2 + i - 6. Let c be g(-5). Let h be 4/c + (-60)/14. Let u(b) = 114*b + 1 - 79*b - b**2 - 39*b. What is u(h)?
1
Let l be (9/(-12))/(9/(-48)). Suppose -l*z + 2*b = -b - 19, -2*b - 14 = -3*z. Let k(d) = -6 - 4*d**2 - d + 6 + 4 + d**3. Calculate k(z).
0
Suppose -131*l + 285*l + 141*l - 2065 = 0. Let d(a) be the third derivative of a**5/60 - 7*a**4/24 - a**3/6 + a**2. Give d(l).
-1
Let l be (-22)/8 - ((-85)/(-20) - 4). Let m(o) be the third derivative of 0 + 0*o + 1/12*o**4 + 1/30*o**5 + o**2 - 1/3*o**3. What is m(l)?
10
Suppose o = -2*o + f + 42, -3*f = 0. Suppose -2*d - 12 = 2*a, 2*d = 4*a - 2 + o. Let k(g) be the first derivative of -g**2 - g - 3. Give k(d).
3
Let j be 5/2*286/(-55). Let s(o) = -o**2 - 15*o - 12. Give s(j).
14
Let c(f) = 10*f + 1. Let s(i) = 77*i + 7. Let g(t) = 30*c(t) - 4*s(t). Suppose -3*l + 4 = -5*l. What is g(l)?
18
Let k(h) be the second derivative of h**6/180 + h**5/120 - 37*h**3/6 - 6*h. Let a(z) be the second derivative of k(z). Determine a(2).
10
Let i(k) = k**3 - 10*k**2 + 2*k - 18. Let u be (-14)/(-2) + 315/105. Determine i(u).
2
Let v(f) = -f**3 + 5*f**2 - 3*f + 2. Let h = -473 - -475. Give v(h).
8
Let s(m) = 2*m - 13956 + 13962 - 6*m. Determine s(5).
-14
Let r(y) = -3*y**2 - 1 - y + 3*y**2 - y**2. Suppose 0 = -3*d + 3*n + 12, -n - 2*n - 2 = -d. Suppose 4*g - 13 = -d. Calculate r(g).
-7
Let o be 6 + -2 + 3*-1. Suppose -4*f + 20 = 5*j, -5 = -j - f - o. Suppose 0 = j*g - g + 15. Let p(x) = x**2 + 6*x - 1. Determine p(g).
-6
Let h(n) = -7 + 2705*n**2 + 3*n - 5412*n**2 + 2708*n**2 + 3*n - 3*n. Let z(v) = 4*v + 3. Let b be -1*(4 + -2*1). Let k be z(b). What is h(k)?
3
Suppose -3*h + 17 = 2*v, -2*h + 3*v = -5*h + 21. Let c(w) = 4*w**2 - 3*w**2 + 137*w - 138*w + 7 + w**h. Calculate c(0).
7
Suppose 5*h = -2*g + 26, -31 = -4*h - 9*g + 4*g. Let j be ((-42)/4)/7*-2. Let t be (1 - (j + -1))*h. Let d(c) = c**2 + 5*c + 6. Give d(t).
2
Let h(i) = 4*i - 3. Let p(v) = -v**3 - 19*v**2 + 43*v + 22. Let x be p(-21). What is h(x)?
1
Let p(q) = 3*q**2 - 23*q + 32. Let w(n) = 2*n**2 - 15*n + 21. Let u(b) = 5*p(b) - 7*w(b). Give u(10).
13
Suppose 0*f + f + 2*y = -18, 4*f = 5*y - 7. Let d(z) be the first derivative of -z**4/4 - 7*z**3/3 + 4*z**2 - 8*z - 1326. Give d(f).
-8
Let l = 3 + -3. Suppose -5*p + 2*c = -l*p - 19, 4*p + 2*c - 8 = 0. Let n(v) = 2*v - 2*v**2 - 3 + 2*v - 2*v**2 + v**p. Give n(2).
-3
Let p(n) = -n**3 - 2*n**2 - 2*n + 3. Let w be p(-3). Let z = 21 - w. Suppose -z = -4*a + a. Let b(f) = 4*f + 1. Calculate b(a).
5
Let i(t) = t**3 + 5*t**2 + 2*t - 5. Let a be 86/(-21) - 106/(-1113). Determine i(a).
3
Suppose 0*n + 37 = n + 2*d, -4*d = 5*n - 161. Let z = -29 + n. Let s be (z - (2 - 9))*1. Let v(m) = m**3 - 8*m**2 + 6*m + 7. What is v(s)?
0
Let r(h) = 11*h**2 - h + 1. Let k(q) be the second derivative of q**4/12 + q**2/2 + 10*q. Let t(o) = -2*k(o) + r(o). Determine t(-1).
9
Let w(g) = 2*g**2 - g - 1. Let k be w(3). Let j = -5 + k. Let b = j + -3. Let a(d) = d**2 - 6*d + 6. Give a(b).
6
Let q(p) = p**2 - 2*p. Suppose 5*s = -a - 2, 3*a = -4*s - a - 8. What is q(s)?
0
Let d(v) = 18 - 7 - 18*v + 0 - 5 - v**2 - 5. Determine d(-18).
1
Let z(h) = -2*h. Let a(b) = -b**2 + 10*b - 5. Let g be a(4). Suppose -g = -5*v - 4. Suppose -1 - 11 = -v*u. Give z(u).
-8
Suppose 10 = 2*q - 0, -4*a - 12 = 4*q. Let v(r) = r**3 + 10*r**2 + 9*r + 9. Calculate v(a).
65
Suppose -16*h - 83 = 13. Let t(d) = -12*d + 3. Let a(m) = -4*m + 1. Let r(l) = 17*a(l) - 6*t(l). Calculate r(h).
-25
Let l be -2*((0 - 2) + 1). Let n(o) = -8*o**2 + 3*o + 29. Let i(v) = -11*v**2 + 4*v + 41. Let j(d) = 5*i(d) - 7*n(d). What is j(l)?
4
Let d(i) = -i - 4. Let g be d(-5). Let r(z) be the third derivative of 1/6*z**3 + 0*z + 3*z**2 + 0 + 1/4*z**4. Determine r(g).
7
Let f(g) = 22*g - 30. Let x(k) = 8*k - 10. Let o(p) = 5*f(p) - 14*x(p). Let s = -3 + -4. Calculate o(s).
4
Let o(a) = a**3 - a**2 - a + 1. Let z(w) = 7*w**3 + w**2 - 6*w. Let f(g) = -6*o(g) + z(g). Suppose 2 = 4*l + 30. Calculate f(l).
-6
Let g = 19 + -20. Let n(u) = 5*u**2 + 1. Give n(g).
6
Let i(l) = -14 - 2*l**2 + 36 + 3*l**2 - 14 + l - 17. Calculate i(-5).
11
Let y be -2 + 12 - ((5 - 2) + 1). Let i(s) = -s**3 + 7*s**2 - 9*s + 9. Give i(y).
-9
Let r(a) be the first derivative of -a**2 + 8*a - 2. Let h be (-15 - -5) + 0*3/(-9). Let b be (1 - 14/h)*35/14. What is r(b)?
-4
Let u(t) be the first derivative of -t**4/4 - 20*t**3/3 - t**2/2 - 16*t + 555. Determine u(-20).
4
Let j = 21 - 13. Suppose 2*m = o + o + j, -20 = 3*o + 5*m. Let i(g) = g**3 - 12619*g - 5 + 5*g**2 + 12619*g. Give i(o).
-5
Let q(b) = b + 18. Let v(y) = -y**2 - 28*y - 37. Let s be v(-27). What is q(s)?
8
Let a be 15/(-9) - (-2)/3. Let t(z) be the first derivative of 5*z**3/3 + z**2 + z - 68. Give t(a).
4
Let a(l) = 3*l**2 - 28*l + 4. Let r be (1 + 5)/((-250)/(-375)). Determine a(r).
-5
Suppose 2*g = -g. Let l(z) = 1 + 8*z**3 + 2*z**2 + g*z - 9*z**3 + 4*z. Determine l(3).
4
Suppose -3 = -2*m + 4*k + k, 5*k + 45 = -5*m. Let n(p) = -p - 14. Determine n(m).
-8
Let g(q) = q + 2. Let u(v) = -8*v - 15. Let p(c) = -4*g(c) - u(c). Determine p(-4).
-9
Suppose -3*k + 36 = 3*r, -7*k + 4 = -4*k - 5*r. Suppose -2*v + 12 = 2*b, 3*v = b + 5*v - k. Let j(f) = -4*f + 5. Calculate j(b).
-11
Let i(v) = -v**2 + 1. Let m(w) = -3*w - 12. Let l be m(-5). Let g = l - 0. Suppose -4*n - 14 = 3*z, n + 11 = g*z - 0. What is i(z)?
-3
Let n(w) = -w - 7. Let a(q) = -2*q - 15. Let t be a(-7). Let m(p) = -11*p**2 - 2*p + 1. Let s be m(t). Determine n(s).
1
Let c(z) be the second derivative of z**3/2 + z**2/2 - 178*z. What is c(-7)?
-20
Let l be 2/1*(-9)/(-6). Let x(k) = 2*k**3 - 4*k**2. Calculate x(l).
18
Let d(y) be the third derivative of -y**6/120 + y**5/12 - y**4/12 + 5*y**3/6 - 28*y**2. What is d(4)?
13
Let f(l) be the first derivative of 9/2*l**2 + 18 + 1/3*l**3 - 2*l. Give f(-8).
-10
Suppose -2*h - h = -s + 11, 2*h + 6 = 0. Let m(i) = -3 - 3*i**2 + 2 + i**3 + 2*i**2 + i - 2*i**s. Give m(3).
2
Let b(c) = -c. Suppose 0 = 69*r - 45*r + 120. Determine b(r).
5
Let x be (-120)/(-55) - 2/11. Suppose -x*j = -3*b - 6, -5*j + 22 = -3*b - b. Let v(u) = u**3 - 7*u**2 + 7*u - 5. Give v(j).
1
Let a(h) = 128*h - 64 + 13 - 12 - 133*h. Give a(-13).
2
Let l(u) = 55*u - 2. Let h(t) = 120*t - 4. Let o(s) = 6*h(s) - 13*l(s). What is o(-2)?
-8
Let x(w) = 2*w**2 - 1 - 3*w**2 - 6*w**2 - 2*w - w. What is x(-2)?
-23
Suppose -3*b - 2*b = -15. Suppose g + 6 = -b*j - 1, g + 5*j = -13. Let v(i) = g*i**2 - 2*i + 50 + 4*i - 52. Give v(-2).
2
Let p(o) = 7*o**2 - o. Let q be p(1). Let n(w) be the second derivative of -w**4/12 + 2*w**3/3 - 7*w**2/2 - 1712*w. Give n(q).
-19
Let o(k) = -k**3 - 4*k**2 - 6*k - 7. Let v be (-4)/(-6) - (84/18 - 0). Calculate o(v).
17
Let l(c) = c**2 - 6*c + 6. Let m(r) = -r**2 + 6*r - 6. Let a(s) = -6*l(s) - 5*m(s). Suppose -30 = -4*q - 6. What is a(q)?
-6
Suppose -12 = 14*m + 72. Let x(y) = 56*y + y**2 - 53*y - 3 + 4. Give x(m).
19
Let g be -1*1 - (1 - 0). Let d be (g - 1)*1*-1. Let u(x) = 7*x + 161. Let r(h) = -6*h - 128. Let w(p) = 5*r(p) + 4*u(p). Give w(d).
-2
Let d(n) = -4 - n**2 + 2 + 2 + 5*n + 1. Suppose 3*k - w + 15 + 105 = 0, 0 = -2*w. Let q = 43 + k. Calculate d(q).
7
Let i(n) = n**3 + 7*n**2 + n + 9. Let z be i(-7). Let q(s) be the third derivative of -1/120*s**6 + 0*s + 1/24*s**4 + 0*s**5 + 1/3*s**3 + 0 + 3*s**2. Give q(z).
-4
Let b(o) be the 